of 12101?
2
What is the ten thousands digit of 37288?
3
What is the units digit of 1768?
8
What is the hundreds digit of 746?
7
What is the hundreds digit of 8563?
5
What is the units digit of 16565?
5
What is the units digit of 369?
9
What is the thousands digit of 14556?
4
What is the units digit of 889?
9
What is the tens digit of 9979?
7
What is the units digit of 34981?
1
What is the thousands digit of 37103?
7
What is the hundreds digit of 13986?
9
What is the tens digit of 108180?
8
What is the tens digit of 14732?
3
What is the tens digit of 698?
9
What is the hundreds digit of 400?
4
What is the units digit of 3469?
9
What is the thousands digit of 54004?
4
What is the hundreds digit of 7649?
6
What is the hundreds digit of 5887?
8
What is the hundreds digit of 8218?
2
What is the units digit of 3382?
2
What is the tens digit of 2819?
1
What is the tens digit of 68910?
1
What is the ten thousands digit of 20935?
2
What is the hundreds digit of 48128?
1
What is the ten thousands digit of 38292?
3
What is the thousands digit of 21579?
1
What is the hundreds digit of 3415?
4
What is the tens digit of 41789?
8
What is the tens digit of 147?
4
What is the hundreds digit of 727?
7
What is the hundreds digit of 7257?
2
What is the hundred thousands digit of 132136?
1
What is the tens digit of 38218?
1
What is the thousands digit of 69236?
9
What is the tens digit of 6086?
8
What is the tens digit of 1163?
6
What is the ten thousands digit of 33670?
3
What is the tens digit of 582?
8
What is the tens digit of 7805?
0
What is the units digit of 8?
8
What is the tens digit of 3199?
9
What is the hundreds digit of 28816?
8
What is the thousands digit of 7270?
7
What is the hundreds digit of 16158?
1
What is the units digit of 8747?
7
What is the hundreds digit of 1114?
1
What is the hundreds digit of 1281?
2
What is the thousands digit of 5802?
5
What is the hundreds digit of 42955?
9
What is the thousands digit of 13420?
3
What is the units digit of 99188?
8
What is the thousands digit of 3529?
3
What is the tens digit of 175?
7
What is the tens digit of 5029?
2
What is the ten thousands digit of 10569?
1
What is the thousands digit of 13303?
3
What is the thousands digit of 23807?
3
What is the tens digit of 32100?
0
What is the units digit of 849?
9
What is the units digit of 20138?
8
What is the ten thousands digit of 12730?
1
What is the ten thousands digit of 24881?
2
What is the hundreds digit of 8570?
5
What is the units digit of 48872?
2
What is the tens digit of 145?
4
What is the hundreds digit of 28417?
4
What is the units digit of 1341?
1
What is the units digit of 318?
8
What is the thousands digit of 1253?
1
What is the units digit of 13271?
1
What is the units digit of 13234?
4
What is the hundreds digit of 24193?
1
What is the units digit of 321?
1
What is the units digit of 132?
2
What is the units digit of 558?
8
What is the units digit of 4214?
4
What is the hundred thousands digit of 112089?
1
What is the hundreds digit of 1850?
8
What is the tens digit of 826?
2
What is the units digit of 2982?
2
What is the thousands digit of 4551?
4
What is the tens digit of 613?
1
What is the units digit of 2774?
4
What is the tens digit of 113360?
6
What is the units digit of 4713?
3
What is the units digit of 9180?
0
What is the tens digit of 1908?
0
What is the units digit of 346?
6
What is the hundreds digit of 1328?
3
What is the tens digit of 902?
0
What is the tens digit of 68?
6
What is the hundreds digit of 3244?
2
What is the units digit of 958?
8
What is the thousands digit of 8873?
8
What is the ten thousands digit of 91930?
9
What is the tens digit of 177?
7
What is the units digit of 44?
4
What is the tens digit of 13686?
8
What is the hundreds digit of 6469?
4
What is the units digit of 2525?
5
What is the thousands digit of 7398?
7
What is the units digit of 6504?
4
What is the units digit of 81494?
4
What is the ten thousands digit of 83009?
8
What is the tens digit of 2601?
0
What is the hundreds digit of 5200?
2
What is the thousands digit of 19196?
9
What is the hundred thousands digit of 111901?
1
What is the units digit of 133600?
0
What is the hundreds digit of 4013?
0
What is the tens digit of 25441?
4
What is the tens digit of 717?
1
What is the units digit of 1700?
0
What is the thousands digit of 16598?
6
What is the hundreds digit of 14869?
8
What is the hundreds digit of 241?
2
What is the tens digit of 66906?
0
What is the tens digit of 2512?
1
What is the tens digit of 57068?
6
What is the tens digit of 8083?
8
What is the units digit of 195?
5
What is the units digit of 7515?
5
What is the units digit of 2262?
2
What is the hundreds digit of 14065?
0
What is the hundreds digit of 44061?
0
What is the tens digit of 70925?
2
What is the thousands digit of 3132?
3
What is the units digit of 431?
1
What is the tens digit of 98533?
3
What is the hundreds digit of 299?
2
What is the hundreds digit of 1937?
9
What is the tens digit of 15201?
0
What is the hundreds digit of 2448?
4
What is the hundreds digit of 45103?
1
What is the units digit of 26802?
2
What is the units digit of 9235?
5
What is the hundreds digit of 6895?
8
What is the hundreds digit of 3081?
0
What is the ten thousands digit of 57559?
5
What is the units digit of 5553?
3
What is the tens digit of 1120?
2
What is the tens digit of 3020?
2
What is the tens digit of 33365?
6
What is the ten thousands digit of 28446?
2
What is the hundreds digit of 1871?
8
What is the units digit of 16381?
1
What is the units digit of 42816?
6
What is the hundreds digit of 11017?
0
What is the tens digit of 695?
9
What is the thousands digit of 54169?
4
What is the hundreds digit of 814?
8
What is the tens digit of 18887?
8
What is the thousands digit of 21150?
1
What is the units digit of 33943?
3
What is the thousands digit of 3829?
3
What is the tens digit of 775?
7
What is the thousands digit of 43765?
3
What is the units digit of 26024?
4
What is the tens digit of 9623?
2
What is the ten thousands digit of 69153?
6
What is the tens digit of 32736?
3
What is the hundreds digit of 871?
8
What is the hundreds digit of 244?
2
What is the ten thousands digit of 17589?
1
What is the tens digit of 256?
5
What is the tens digit of 82246?
4
What is the units digit of 1441?
1
What is the tens digit of 42854?
5
What is the tens digit of 32048?
4
What is the tens digit of 1177?
7
What is the units digit of 26268?
8
What is the thousands digit of 56427?
6
What is the units digit of 52497?
7
What is the thousands digit of 21080?
1
What is the hundreds digit of 82060?
0
What is the hundreds digit of 4671?
6
What is the tens digit of 842?
4
What is the hundreds digit of 2567?
5
What is the hundreds digit of 941?
9
What is the hundreds digit of 13246?
2
What is the hundreds digit of 1084?
0
What is the ten thousands digit of 34219?
3
What is the ten thousands digit of 62928?
6
What is the tens digit of 42164?
6
What is the hundreds digit of 7154?
1
What is the tens digit of 7978?
7
What is the tens digit of 1488?
8
What is the tens digit of 2911?
1
What is the units digit of 6735?
5
What is the units digit of 42226?
6
What is the hundreds digit of 1728?
7
What is the thousands digit of 4575?
4
What is the ten thousands digit of 29686?
2
What is the tens digit of 41077?
7
What is the tens digit of 25236?
3
What is the tens digit of 2503?
0
What is the units digit of 6110?
0
What is the units digit of 1316?
6
What is the hundreds digit of 3612?
6
What is the hundreds digit of 317?
3
What is the tens digit of 20198?
9
What is the tens digit of 3858?
5
What is the units digit of 42133?
3
What is the thousands digit of 69484?
9
What is the units digit of 14999?
9
What is the units digit of 37265?
5
What is the ten thousands digit of 11337?
1
What is the thousands digit of 2623?
2
What is the tens digit of 27907?
0
What is the thousands digit of 2908?
2
What is the units digit of 928?
8
What is the hundreds digit of 2293?
2
What is the thousands digit of 10832?
0
What is the thousands digit of 22512?
2
What is the thousands digit of 1487?
1
What is the tens digit of 1736?
3
What is the hundreds digit of 8160?
1
What is the tens digit of 191?
9
What is the units digit of 2789?
